a be b(-15). Suppose a*q - 7*q = -651. What is the tens digit of q?
9
Let m be (-517)/(-99) - 2/9. Suppose -5*r - 5*b = -2*r - 67, -b - 65 = -m*r. Let u = 12 + r. What is the units digit of u?
6
Let z(x) = 207*x**2 - 70*x + 579. What is the thousands digit of z(10)?
0
Let t(p) = p + 18. Let a be t(-12). Let b(i) be the second derivative of i**3 + 29*i**2/2 + 11*i. What is the units digit of b(a)?
5
Let m be 5 + 523 - (1 - 1). Let v = m + 867. What is the thousands digit of v?
1
What is the hundreds digit of (-220)/33*((-4)/20 + 5117/(-5))?
8
Let k = 15 - 13. Suppose 2*n - 3*n + 3*y = k, -n + y + 2 = 0. Suppose -x + 5*x - 4*w - 40 = 0, 0 = n*w. What is the tens digit of x?
1
Let q = 168 + -166. What is the units digit of ((-9)/2)/((q + 1)/(-378))?
7
Let k(d) = d**3 + 4*d**2 - 6*d. Let y be k(-5). Suppose -3*w - 518 = -y*h + 1123, 0 = 2*h + 2*w - 650. What is the hundreds digit of h?
3
Let u(k) be the first derivative of 10*k**3/3 - 3*k**2/2 - k - 2. Let w(q) = q**2 + 8*q + 12. Let g be w(-3). What is the units digit of u(g)?
8
Let s be 7/2*4/7 - 13. Let v = 2 - s. What is the tens digit of 2380/91 + (-2)/v?
2
Let y(v) = -v**2 - 21*v - 2. Let g be y(-21). Let u(r) = -5*r**3 - 7*r**2 - r. Let s be u(g). What is the units digit of (s + 2)*(9 - 8)?
6
Let o(j) = -j**2 + 3*j. Let g be o(3). Let p = -786 + 1047. Suppose g = -5*l + m + 651, -2*l - 7*m + p = -8*m. What is the units digit of l?
0
Suppose -14*v + 45 - 3 = 0. Suppose 3*d + 16*f - 1720 = 11*f, -3*f + 1722 = v*d. What is the tens digit of d?
7
Suppose -21*i = -25*i + 12. Suppose -k - 351 = -i*m, -4*m = -4*k - 543 + 75. What is the hundreds digit of m?
1
Let z(w) = 41*w**3 - w**2 + 53*w + 4. What is the ten thousands digit of z(7)?
1
Suppose -5*n + 3905 = 4*l - 18321, 16668 = 3*l + 4*n. What is the units digit of l?
4
Suppose 2358 = 2*z + 4*z. Suppose 1182 = 3*a + 4*m, a + 5*m - 4*m = z. Let b = 601 - a. What is the tens digit of b?
1
Let s(b) = b**3 + 11*b**2 + b - 14. Suppose 0*v + 686 = -5*y - 4*v, -2*y + v - 277 = 0. Let z = y + 132. What is the tens digit of s(z)?
6
Suppose 117*w - 2 = 116*w. Suppose -x = w*r - 174, -328 - 44 = -4*r + 4*x. What is the tens digit of r?
8
Let w = -474 - -836. What is the hundreds digit of w + -5*(-12)/(-30)?
3
What is the tens digit of (7 + -3 - -3) + 5 + (15 - -9815)?
4
Let c be (44/(-8) + -3)/(1/(-2)). Let m(o) = 50*o - 55. What is the units digit of m(c)?
5
Suppose 258 = 2*y - 2*s - 17188, -4*s = -20. What is the thousands digit of y?
8
What is the thousands digit of 1165/(3*(-3)/(-54)) - (-21 - -27)?
6
Let d(r) = 66 + 44*r - 36 - 55. Suppose -5*u = -g + 5*g - 37, u + 10 = 5*g. What is the hundreds digit of d(u)?
1
Suppose 2*c = -167*g + 170*g + 100264, 5*c - 250678 = 3*g. What is the ten thousands digit of c?
5
Suppose -3*v = 5*k - 48, 7*k + 5*v - 50 = 2*k. Suppose k*x + x - 1420 = 0. Let q = x + -89. What is the units digit of q?
3
Suppose 0 = -4*t - 62*a + 67*a + 77679, -a = 3*t - 58226. What is the units digit of t?
1
Let i(u) = 4*u**2 - 1. Let k(h) = 793*h**2 - 7*h - 2. Let n(w) = -3*i(w) + k(w). What is the hundreds digit of n(1)?
7
Let z(s) = 2*s**2 + 6*s + 5. Suppose 0 = 5*j - 4*i + 17, 4 = 3*j - 3*i + 13. Let r(v) = -v**2 - 2*v + 22. Let q be r(j). What is the units digit of z(q)?
5
Suppose -76803 = -34*r + 481971 - 33848. What is the tens digit of r?
3
Suppose -5*o + 264 = 6*o. Let v(y) = y + 7*y - o + 47*y. What is the hundreds digit of v(5)?
2
Let m = -2252 + 754. Let s = m + 3195. What is the thousands digit of s?
1
Let j(n) = -n**2 + 39*n - 89. Let q be j(29). Suppose 0 = -7*t - q + 3015. What is the units digit of t?
2
Let p(w) be the third derivative of -4*w**6/15 + w**5/60 + w**4/8 + w**3/6 + 2*w**2. Let v = -1048 + 1047. What is the units digit of p(v)?
1
Let f(g) = 93*g**2 - 154*g + 1986. What is the ten thousands digit of f(31)?
8
Let l = 0 + 3. Suppose -l*m = -1313 + 20. What is the tens digit of m?
3
Let m(y) = 2*y**3 + 18*y**2 - 23*y + 6. Let q be m(13). Suppose 8*l = -q + 58295. What is the units digit of ((-4)/6)/(l/(-1278) - -5)?
3
Let w(k) = 19*k**2 + 237*k - 13133. What is the hundreds digit of w(50)?
2
Let o be ((-492)/(-410))/((-3)/(-80)). What is the hundreds digit of (-31 + o)*1*119?
1
Suppose h - 3*h = -14. Suppose -f - 2*b - 136 = 0, -4*b = h*f - 2*f + 692. Let m = -55 - f. What is the tens digit of m?
8
Let f = -180 + 144. What is the units digit of (501/18)/(12/f)*-2?
7
Let h(w) = 259*w. Suppose 0 = 4*s + 26 - 30. What is the hundreds digit of h(s)?
2
Suppose -d = 4*d - 5*j - 310, -240 = -4*d + 2*j. Suppose -7*k + d = 16. Suppose 0 = -k*r - 161 + 719. What is the units digit of r?
3
Suppose 4*u - 9 = -1. Suppose -3*r = -u*r - 4. What is the units digit of -9 + 1 + r - -66?
2
Let g(i) = 11*i**2 + 14*i - 11. Let w = 195 + -189. What is the tens digit of g(w)?
6
Suppose 2*z + 40 = 22*z. Suppose 157 = 3*i - q + 24, 2*q + z = 0. What is the tens digit of i?
4
Let r(f) = -57*f**3 - 6*f**2 + 28*f + 124. What is the ten thousands digit of r(-7)?
1
Suppose 30*n + 27*n = 73*n - 840128. What is the hundreds digit of n?
5
Let z(k) = -k**2 + 12*k - 28. Let v be z(8). Let t = -4 + 4. Suppose 2*r + j - 261 = t, v*r + 2*j = -2*j + 524. What is the units digit of r?
0
Let l = -28009 + 40183. What is the tens digit of l?
7
Let m = 36 - 35. Let d be -8 - -111 - (1 - m). Let n = -61 + d. What is the units digit of n?
2
Let a be (7/(-3) + 1)*(35 + -38). Suppose -y + 5*c = -a*y + 2564, -2*y + 3*c = -1722. What is the units digit of y?
8
Let c be 8/4 + 148*(-3 - -4). Let n be ((-4)/10)/((-15)/c). Suppose 0 = n*u - 12*u + 544. What is the units digit of u?
8
What is the tens digit of (-1544)/965 - (-466056)/10?
0
Let p(s) be the third derivative of -s**6/120 - 17*s**5/60 + 7*s**4/4 - 3*s**3 - 39*s**2. What is the tens digit of p(-20)?
4
Suppose -16*h = -2*h - 434. Let b = 33 - h. Suppose 3*v = -3, 5*v - 169 + 562 = b*n. What is the tens digit of n?
9
What is the thousands digit of 9/30 - (-1488758)/340?
4
Let v(a) = -154*a - 1. Let s be v(2). Let r be (1/5)/(136/(-131240)). Let n = r - s. What is the units digit of n?
6
Let m(z) = -z**3 - z**2 + z - 6. Let f be m(0). Let w(p) = 3*p**3 + 17*p**2 + 18. Let s be w(-6). What is the hundreds digit of (428/f)/(s/27)?
1
What is the units digit of 3 + (-454380)/(-26) + (-2)/13?
9
Let h be -3 + 6 + -3 + 4. Let j(f) = 706*f - f**3 + h + 14 - 692*f + 7*f**2. What is the units digit of j(8)?
6
Let z(k) = -148*k + 2413. What is the hundreds digit of z(14)?
3
What is the units digit of (45/5 + 1)*(-68153)/(-38)?
5
Let p be -3 + ((-270)/(-6) - -2). What is the hundreds digit of p/(6 - 80/14)?
1
Suppose -4*i - 40 + 28 = 0. Let k(o) = -o**2 - 4*o - 4. Let a be k(i). What is the tens digit of 150/1 - (3 + 0/a)?
4
Let j(y) = -2*y + 34. Let i be j(12). What is the hundreds digit of (-1 - 4)/10*-36*i?
1
Let x be -443*1 + (25 - 30). Let j = x - -455. What is the units digit of j?
7
Let g be -5 + -3 + 9 + -4. What is the tens digit of 3 - 9 - g - -1161?
5
Suppose 30668 = 2*r - 5*o, -49*o = -r - 46*o + 15336. What is the units digit of r?
4
What is the tens digit of ((-3)/(-18) - (-22)/(-132))/(-2) + 5622?
2
Suppose -525*b - 5462 = -527*b. What is the thousands digit of b?
2
Suppose -15*m + 49 + 11 = 0. Suppose -5*k - 4 = m*t - 12, 4*k - 7 = -3*t. What is the units digit of k?
4
Let l(s) = 2*s**2 - 67*s - 26. Let c be l(34). What is the hundreds digit of c/((-160)/(-13838)) + 1/10?
6
Suppose -2 = 8*d - 34. Suppose -d*m = -0*m - 604. What is the hundreds digit of m?
1
Let n(o) = 23*o - 2. Let u be n(3). Suppose -43573 + 42145 = -12*c. Let j = c - u. What is the tens digit of j?
5
Let q(b) = 125*b**2 + 202*b - 4855. What is the ten thousands digit of q(23)?
6
Let l(p) = 7*p + 351. Let o be l(-49). Suppose o*m - 1739 - 9437 = 0. What is the hundreds digit of m?
3
Suppose w - a = -1283, -2*a + 3 = -5. Let p = w + 1836. What is the hundreds digit of p?
5
Suppose 4*w = 5*c - 4862, -6*w + 8*w - 4 = 0. Let a = c - 543. What is the units digit of a?
1
Let m be (-5 - 0) + (-4 + 4)/3. Let y(p) = -4*p**3 - 2*p**2 + 21*p + 16. What is the hundreds digit of y(m)?
3
What is the units digit of (31/(-5) + -1)/((-30)/21975)?
4
Let f = 166 - 234. What is the tens digit of (78/4)/((-3)/f)?
4
Let s = -37065 + 54567. What is the un